*q + 498, -5*q = -k - 1272. Is q a prime number?
False
Let q(d) = -10*d + 4. Let y be q(-4). Suppose 12 = 4*m - 3*f + 75, -2*m + 4*f = y. Is (-212)/6*m/8 composite?
False
Let v(q) = -q - 8. Let j be v(-7). Is 5090/40 - j/(-4) a prime number?
True
Is (-1186)/(-10) - (-6)/15 a prime number?
False
Let z = -317 - -838. Is z a prime number?
True
Let g(r) = -r**3 + 2*r**2 - 8*r - 4. Is g(-11) a composite number?
False
Suppose 5222 = 5*y + 647. Suppose -2*g - y = 3*g. Is g/(-3) - (-4)/(-2) composite?
False
Let l = -6 - -9. Suppose 31 + 80 = l*f. Is f composite?
False
Let u be ((-10)/15)/(1/(-6)). Suppose 5*b = -w + 2, u*b - 6*w = -w - 10. Suppose -f + 5*f - 76 = b. Is f a composite number?
False
Suppose -4*k + 11082 + 25831 = -3*m, 2*k + m - 18459 = 0. Is k prime?
False
Let n = -49 - -176. Is n prime?
True
Suppose 0 = -4*l + 966 - 334. Is l prime?
False
Let i = 39 + -73. Let l = 119 + i. Is l a composite number?
True
Let h be (2 - -4) + 0 + 0. Suppose -5*n - d = d - 24, 16 = 5*n - 2*d. Suppose -u + 268 = 5*y, h*y - 91 = n*y + 5*u. Is y prime?
True
Let z be 5*1*(-12)/(-10). Suppose -3*y = 0, z*y = 5*o + 4*y - 635. Is o composite?
False
Let l be ((-6)/4)/(36/(-30984)). Suppose -l = -4*i + 57. Is i prime?
True
Let o be -1*(2 - (1 + -3)). Let r = 0 - o. Let l(h) = h**3 - 2*h**2 - 2*h - 2. Is l(r) a prime number?
False
Let l(r) = r - 6. Let t be l(9). Is t - ((-50 - 3) + -1) composite?
True
Let r(v) = v**3 - 2*v**2 - 2*v - 1. Is r(3) prime?
True
Let n be 3*(-3)/(-27)*0. Let v = n + 2. Suppose -4*r + v*r = -26. Is r a composite number?
False
Suppose -2*d + 109 = d + p, 185 = 5*d + p. Let u = 93 - d. Is u prime?
False
Let n = -13 + 33. Let k be 2/(-4) - n/(-8). Let z = k + 1. Is z a prime number?
True
Let y be (-17)/51 - 58/6. Let t(u) = -u**3 - 9*u**2 - 5*u - 5. Is t(y) a prime number?
False
Suppose 3*w - w = 5*s + 654, 3*s = 3*w - 963. Is w prime?
True
Let p(x) = 97*x**2 - 4*x + 2. Is p(3) prime?
True
Suppose 0 = -2*x + 2434 + 1384. Is x prime?
False
Let i(u) = 2*u**3 - 8*u**2 - 6*u + 1. Let l be i(6). Suppose 3*q + 528 = 5*q. Let t = q - l. Is t prime?
False
Suppose 18*r - 17*r = 631. Is r a composite number?
False
Suppose -6 + 4 = -2*z. Is 3/(-9)*(-772 + z) prime?
True
Let g(x) = -x**3 + 17*x**2 + 19*x - 13. Let d be g(18). Suppose a - d*a + 1228 = 0. Is a composite?
False
Let b be (-6)/4*8/(-3). Suppose 2*g + 0*k - 5*k - 81 = 0, b*g + 5*k - 237 = 0. Is g a composite number?
False
Let q = 58 + -37. Suppose 0 = -4*b - q - 15. Let m = 18 + b. Is m prime?
False
Let x(r) = r**3 - 4*r**2 + 4*r + 1. Is x(10) prime?
True
Suppose 5*w + 0*w - 104 = -3*f, 3*w = 4*f + 74. Suppose -w = 3*o - 223. Let k = o + -48. Is k prime?
True
Is ((-424)/12)/((-2)/6) a prime number?
False
Let m be ((-1)/(-2))/((-2)/(-1400)). Let x be 496/(-3) - 14/(-42). Let z = m + x. Is z a composite number?
True
Suppose 0 = -0*k + 3*k - 45. Is (-4372)/(-10) + (-3)/k a composite number?
True
Let d(u) = -u + 2. Let j be d(3). Is (337/2)/(j/(-2)) composite?
False
Suppose 0*m = -2*m + 6. Suppose 2*b + 2*r = m*b - 8, 13 = 2*b - 3*r. Is b a prime number?
True
Let h = 22 + -20. Is (122/4)/(h/28) a composite number?
True
Suppose 2 = -2*d, -2*r + 3*d = -r - 4. Is -34*(12/(-8) - r) prime?
False
Let w be 63/(-3)*(-1)/3. Suppose -141 = -w*u + 4*u. Is u prime?
True
Let p(y) be the first derivative of 2*y**3 + y**2/2 - 2*y - 3. Is p(3) a composite number?
True
Suppose 0 = -3*a + 74 + 73. Is a a composite number?
True
Let z be (0 + -1*607)*-1. Let q = 866 - z. Is q a composite number?
True
Let j be (6/(-4))/((-6)/8). Let f(n) = 3 - 10 + n**j + 0*n**2 + n. Is f(-6) prime?
True
Let n(q) be the third derivative of -1/24*q**4 + 3/20*q**5 + 5/6*q**3 + 1/120*q**6 - q**2 + 0 + 0*q. Is n(-9) a composite number?
True
Let f be 1/(-2) + 35/(-14). Is (2 + 0 + f)*-262 composite?
True
Suppose -r + g = -g - 728, r - 733 = 3*g. Is r/8 - 36/48 a prime number?
True
Suppose 3*c = -5*x + 121, -3*c + 17 = x - 0*x. Is x prime?
False
Suppose 0 = h + h - 186. Suppose 2*w = 5*w - h. Is w a composite number?
False
Let d(j) = j**2 + 6*j + 9. Let s(m) = m - 5*m - 2 - m**2 + m. Let b be s(-4). Is d(b) prime?
False
Let f = 9 + 8. Let l be 2*2*(-3)/6. Let o = l + f. Is o composite?
True
Suppose 11*r - 14*r = -1623. Is r a composite number?
False
Suppose -4*i + 6335 = -3*r - 857, -4*r = 2*i - 3618. Is i prime?
True
Let y(u) = -3*u - 9. Suppose 0*b + 2*t = -b - 14, -t = -2*b - 13. Is y(b) a composite number?
True
Let c be 2/4 + 33/(-2). Let x = c - -35. Is x a composite number?
False
Let m = -2 - -5. Suppose m*x + 22 = 4*x. Is x a prime number?
False
Let y = -262 - -644. Let n = -159 + y. Is n composite?
False
Let h = 503 + -211. Suppose 0 = -3*j + 9, -4*w - h = 5*j - 1119. Is w a prime number?
False
Suppose 0 = -3*k - 3*c + 28 + 5, -5*k = -2*c - 62. Let a be (-2 - -9)/(2/10). Is (k/14)/(5/a) composite?
True
Let r = -3 - -9. Suppose -r*i + 492 = 18. Is i a composite number?
False
Let s(j) = -4*j**3 - 3*j**2 + j - 1. Is s(-3) prime?
False
Let k(i) be the first derivative of -33*i**2/2 + 5*i - 2. Let t be k(-6). Suppose 3*n = -3*m + 207, 0 = -3*m - 2*n + n + t. Is m a composite number?
False
Suppose 0 = -10*u + 2*u + 712. Is u composite?
False
Let y be (-4)/(-6) - 415/(-3). Let q = 94 + y. Is q a prime number?
True
Let x(n) = -26*n + 27. Is x(-5) composite?
False
Suppose 2*i + 2*i = 3000. Let s = i - -139. Is s prime?
False
Let k(h) = -h**2 + 3*h. Let i be k(3). Suppose -x = -i*x - 113. Is x a composite number?
False
Suppose 2*p = -2*p. Suppose p = a - 34 - 9. Is a a prime number?
True
Suppose -3*s - 5*c - 6 = -1, 0 = -2*s + 5*c + 5. Suppose 4*w + 2*z - 114 = s, -4*z - 38 = -4*w + 46. Is w a prime number?
False
Let w(u) be the first derivative of 29*u**2/2 - 3*u - 1. Let n = -11 - -15. Is w(n) composite?
False
Suppose 5*b - 3374 - 7981 = 0. Is b composite?
True
Let p(v) = -6*v - 3. Let m(c) = 5*c + 2. Let z(t) = 3*m(t) + 2*p(t). Let r be z(1). Suppose -4*y + 196 = 4*i, -2*y - 171 = -r*i + y. Is i composite?
False
Let c(p) = -p**2 + 17*p + 13. Is c(13) a composite number?
True
Let n be (-40)/2*46/(-8). Let t be (27/(-4))/(-1)*-12. Let q = t + n. Is q a composite number?
True
Suppose -3*s = -0*s - 993. Is s a composite number?
False
Let s(o) be the third derivative of 11*o**4/8 + o**3/3 + o**2. Let w be s(-2). Let j = w - -141. Is j prime?
False
Suppose -2*q - 5*c = -494, -c - 1008 = -4*q - 6*c. Is q prime?
True
Let r be 3*(-3)/((-6)/2). Suppose 0 = x - r*x + 248. Suppose 5*i - i = x. Is i a prime number?
True
Let u = 911 - 618. Is u a composite number?
False
Let w(t) be the third derivative of 7*t**4/24 + t**3/2 + 2*t**2. Let x be 0 + 6 + (-1 - 1). Is w(x) prime?
True
Suppose 2*k = 38 - 14. Suppose -5*b + 0*p - p + 8 = 0, 3*b = -3*p + k. Suppose -b = -v + 5. Is v a composite number?
True
Let l(v) = 4*v + 5. Let t be l(-3). Let a = t + 166. Is a prime?
False
Let g(b) = b**2 + 2*b - 1. Let h be g(-2). Is h/(-3) - (-488)/3 a prime number?
True
Let t(q) = q + 4. Let f be t(-3). Let j(w) = 132*w**2 - 1. Is j(f) prime?
True
Is ((-14)/4)/(2/(-12)) a composite number?
True
Suppose 4*u + 2 = 14. Suppose 0*a - u*a + 873 = 0. Is a prime?
False
Suppose z - 82 = -5*q + 4*z, -4*z - 86 = -5*q. Suppose t + t - 3*l = q, 3*t + 5*l - 21 = 0. Is t composite?
False
Suppose 5*s + 530 = 5*z, z + 7*s - 2*s = 76. Let f = z - 37. Let t = f + -33. Is t prime?
True
Let x = -8 - -8. Suppose x = w - 1 - 3. Is w prime?
False
Suppose -5*o - 4 = 2*n - 25, -15 = -3*o - 2*n. Suppose -4 - 2 = -o*i. Is i a prime number?
True
Suppose -17*c + 20632 = -9*c. Is c composite?
False
Let b(l) = 5*l**2 + l - 1. Let r be b(-3). Suppose r + 89 = 4*z - 5*m, 2*z = 3*m + 64. Is z prime?
False
Let l = -3260 - -4866. Suppose -l + 402 = -4*z. Is z a prime number?
False
Suppose g + 61 = -2*v + 190, -4*v = -2*g + 250. Is g a composite number?
False
Let c be 3 - 1/(-2)*4. Suppose -c*u + 181 = -129. Is u prime?
False
Let u(t) = 2*t**2 + t - 2. Suppose a + 0 = 2. Suppose -q + a = 9. Is u(q) a prime number?
True
Is 18/12 + (-2)/4 + 2100 a composite number?
True
Let q be 4*(1 - 2/4). Let v(p) = -560*p**3 - p**2 - p - 1. Let c be v(-1). Suppose 5*b - 3*k = c, -563 = -5*b - k + q*k. Is b a composite number?
False
Let x be 264/27 - 2/(-9). Let c = -7 + x. Is c prime?
True
Let x be (-7)/9 + 4/(-18). L